2. List the prime factors of r(0).
2, 3, 13
What are the prime factors of 6 - (-1022)/(-14)*-21?
3, 19
Suppose 492 = 2*i - 5*i. Let z = i - -458. Let b = z + -163. List the prime factors of b.
131
Let k = -57491 + 80688. What are the prime factors of k?
23197
Let d(p) = 6*p**3 + 4*p**3 - 21*p**3 - 5*p**2 + 10*p**3 + 7*p. Let f be d(-3). What are the prime factors of (-6)/15 + f/15 + 91?
2, 11
Suppose -4 = 200*c - 202*c. List the prime factors of (472 - c) + (12/(-2) - -1).
3, 5, 31
Let q be 198/(-11)*(-2)/4. Suppose q*r - 2626 - 3161 = 0. List the prime factors of r.
643
List the prime factors of (-97)/(-679) - 23946/(-7).
11, 311
Suppose 0 = -10*l + 297 - 77. Let k = l + 9. What are the prime factors of k?
31
Let c = 62 + 13. Let l(v) = -16*v**2 - 4 + c*v**2 + v - 4*v. List the prime factors of l(-2).
2, 7, 17
Let d = 85 + 53. Suppose d*r + 535 = 139*r. What are the prime factors of r?
5, 107
Suppose -3*w = -2*w - 23. Let c = 23 - w. Suppose -2*z = -c*z - 120. What are the prime factors of z?
2, 3, 5
Let z be (-2840)/(-497) + 2/28*4. What are the prime factors of 6239*4/30 - z/(-45)?
2, 13
Suppose -549 = -12*b + 3*b. Let w = b - 59. Suppose 3*x - 665 = -w*j, -3*j - j + 1107 = 5*x. What are the prime factors of x?
223
Let w = 14283 - -3738. List the prime factors of w.
3, 6007
Let w be 80/(-24)*12/(-8). Suppose 2*r - 1054 = -4*p, w = 5*r - 0*r. List the prime factors of p.
263
Let m(v) = 19*v**3 - 303*v + 3*v**2 + 300*v + 13*v**3 + 1. List the prime factors of m(1).
3, 11
What are the prime factors of -17 + (-132)/(-11) + 41951?
2, 3, 6991
Suppose 6*h - 16 = 8. Let t(v) = 5*v - 25. Let k be t(h). What are the prime factors of 8/(-10)*k + 119?
3, 41
Suppose 2*y + 631 = i + 131, 992 = -4*y + 4*i. What are the prime factors of (-641)/(-4) + 0 + 63/y?
2, 5
Let x be (9/(-6))/(6/8) - -49. What are the prime factors of 2*x - (-15 - -14)?
5, 19
Let h = -169 + 349. Suppose -429 = -3*g - h. List the prime factors of g.
83
Let o = 18533 + 5441. What are the prime factors of o?
2, 11987
Suppose 1408 = 5*d - 4*l, -l + 409 = 2*d - 149. Suppose -39*u + 40*u = d. What are the prime factors of u?
2, 5, 7
Suppose 1403 = 5*f + 278. Let z = f - 460. Let c = -137 - z. List the prime factors of c.
2, 7
Suppose w - 15 = -2*u, 0 = 4*u - 2*u - 5*w + 15. Let x be (-163)/1630 + 961/10. Suppose u*f = 19 + x. List the prime factors of f.
23
Suppose 4*i = -3*b + 25992, 5*i - 2786 + 11450 = b. List the prime factors of b.
2, 3, 19
Suppose -620 = -i + a, 3*i - 480 = -3*a + 1392. Suppose 0 = 4*p - 2*p - i. Let o = p + -164. What are the prime factors of o?
3, 7
Let z(t) = 478*t + 119. Let x be z(7). Suppose -5*u + o + 4330 = 2*o, -4*u + x = o. What are the prime factors of u?
5, 173
Suppose 9*z = 64098 + 28198 + 6209. What are the prime factors of z?
5, 11, 199
Let b(g) = -7*g**2 + g + 6. Let s(j) = j + 1. Let f(k) = 2*b(k) - 6*s(k). Let r be f(4). Let a = r - -393. What are the prime factors of a?
3, 53
Let i(p) = 840 - 346 - 397 + 190*p. List the prime factors of i(8).
3, 7, 11
List the prime factors of 255020/180 + 1*(-4)/(-18).
13, 109
Let p(b) = -b**2 - 6*b + 4. Let a be p(-6). Suppose w = -2*c + 20, 5*w = 6*c - a*c + 76. What are the prime factors of (-2*142/w)/((-5)/20)?
71
Let j(n) = -3*n**2 - 11*n - 4. Let p be j(-8). Let r = 152 + p. Let k = 50 - r. What are the prime factors of k?
2, 3
Let p(x) = -2*x - 40. Let c be p(-20). Suppose -73 = 17*t - 18*t. Suppose t = w - 3*s, -5*w + 3*w + 3*s + 134 = c. List the prime factors of w.
61
What are the prime factors of (-594)/330*(-1 - 13654/6) + 0?
2, 3, 683
What are the prime factors of 738/615*(-17785)/(-3)?
2, 3557
Let b be ((-25)/(150/(-876)))/(2/(-5)). Let o = b - -760. List the prime factors of o.
5, 79
Let l(q) = 595*q**2 + 292*q + 2666. What are the prime factors of l(-9)?
139, 347
Suppose 0 = 5*g + 2*u - 12, -2*g - 5*u + 4*u + 5 = 0. Suppose 5*a = -v + 5*v - 43, g = 2*a. What are the prime factors of v?
2, 3
Let u(x) = 5*x**2 - 2*x - 8. Let l(i) be the second derivative of -i**4/12 + 19*i**3/6 - 20*i**2 + 28*i. Let r be l(17). What are the prime factors of u(r)?
2, 23
Let h be -1*(-5447 + 5 - 8). What are the prime factors of h/12 + 100/(-600)?
2, 227
Let l(q) be the second derivative of 3*q**3 + 17*q**2/2 + 2*q. Suppose 16*c = 75*c + 85 - 380. List the prime factors of l(c).
107
Let n = 14633 + -7737. What are the prime factors of n?
2, 431
Let w(l) = 2860*l - 3. Let g be w(3). Suppose g + 2043 = 4*a. List the prime factors of (-5)/(-4) - 1 - a/(-20).
7, 19
Let l(o) = 4*o**2 + 2*o - 3. Let n be l(1). Suppose -3*w = -8*t + n*t + 846, -2*w = 4*t - 690. Let k = t - 84. What are the prime factors of k?
3, 29
List the prime factors of ((-11416974)/(-273) - 102/(-663)) + 3/7.
13, 3217
Suppose 4*s - 4*l - 1 = -5, -5*s = 3*l - 19. Suppose s*w - 4*c + 6*c - 36 = 0, 2*c = -4*w + 62. List the prime factors of w.
13
Suppose -2*w - 44 - 34 = 0. Let q = w - -24. Let c = 91 + q. List the prime factors of c.
2, 19
Suppose 2748 = 42*d - 181029 - 252393. What are the prime factors of d?
5, 31, 67
Let i be 6/(-15)*7/((-28)/(-40)). Let h be (-1 - i) + (-7 - -2). What are the prime factors of h/(-6)*(5 - 8)*-29?
29
Let l = 36 - 34. Suppose l*a + 3*a = 4*i + 130, a + 3*i = 7. What are the prime factors of a?
2, 11
Let r = -1955 + 2881. List the prime factors of r.
2, 463
Let x(t) = 106*t - 1. Let r(g) = -g**3 - 4*g**2 - 5*g - 7. Let j be r(-3). Let k be (-15)/15 - (j - 2). What are the prime factors of x(k)?
211
Let c = 87585 + -50097. List the prime factors of c.
2, 3, 11, 71
Suppose 0 = -3*r + 10*r + 1883. Let v = 385 + r. Suppose 5*u - v = -d + u, -d = -2*u - 116. List the prime factors of d.
2, 29
Let q be (3/2)/(9/462). Suppose 0 = -4*z + q + 151. List the prime factors of z.
3, 19
Suppose -5*n = 4*m - 3 + 11, -4*m - 8 = 2*n. Suppose 0 = 4*h + 3*x - 949, n = 5*h - 3*x - 0*x - 1220. List the prime factors of h.
241
Suppose 5*a - 26269 = -4*s, -a = 5*s - 3*s - 5249. What are the prime factors of a?
7, 751
Let o be 40/(-6)*((-40)/(-8) + -8). Suppose 0 = o*n - 8563 - 4657. List the prime factors of n.
661
Let q(j) = 899*j + 266. What are the prime factors of q(24)?
2, 67, 163
Let i(u) = 3*u**2 + 5*u + 18. Suppose 0 = -2*a + 6*a - 32. What are the prime factors of i(a)?
2, 5
Let j(f) = f**3 + 4*f**2 - 9*f - 17. Let b be j(-5). Suppose b*m + 450 = 4*h, -h + 4*m = 9*m - 124. List the prime factors of h.
2, 3, 19
Let m = -25 + 22. Let k be -13 - (m + 4) - 2. List the prime factors of (2 - 133)*(k - -14).
2, 131
Let n be 862/5 + (-8)/20*1. Suppose -14*v + n = -15*v. What are the prime factors of 1*(-2 + 1)*v?
2, 43
Let w(z) = -19*z**2 - 3*z**2 - 7 + 6*z**2 + 29*z - z**3. Let f be w(-18). Suppose 0 = 3*c + 4*m - 731, c = 3*m + f + 103. What are the prime factors of c?
3, 79
Suppose -17*t + 61 = -7. Suppose -t*g - 1093 = -3017. List the prime factors of g.
13, 37
Suppose 0 = 2*x + 8, -3*c - 3*x + 20067 = -768. What are the prime factors of c?
6949
Suppose 11*q - 19207 - 1220 = 0. Suppose -q + 621 = -h. List the prime factors of h.
2, 3, 103
Let x(u) = u - 13. Let w be x(13). Let g(i) = 412 - 3*i - 526 + 238 - i**2. What are the prime factors of g(w)?
2, 31
Let n(i) be the second derivative of -7*i**3/2 - 5*i**2/2 - 56*i + 1. What are the prime factors of n(-4)?
79
Let t(q) = -13*q + 83. Let b = 316 + -325. List the prime factors of t(b).
2, 5
Let q(f) = 17*f**2 - 15*f - 137. What are the prime factors of q(14)?
3, 5, 199
Let z be ((336/(-10))/(-6))/((-1)/(-30)). Let t be (-3912)/(-22) - (-4 - z/(-44)). Suppose 2*q + 4*i = t, -3*i - 222 = -6*q + 3*q. List the prime factors of q.
79
Suppose 10 = 5*j + 4*g - 0*g, 4*g - 24 = 2*j. Let m(v) = -209*v + 20. What are the prime factors of m(j)?
2, 3, 73
Let o be 1113/((-12)/(-16) - 2/(-8)). Let g = o + -419. What are the prime factors of g?
2, 347
List the prime factors of ((15100/35)/5)/((-80)/(-1120)).
2, 151
Suppose 4 = 2*d - 2. Suppose 5*j - 5*v + 7 = 57, 3*v = -5*j + 2. Suppose -7*w + d*w + j*o + 620 = 0, 465 = 3*w + 5*o. List the prime factors of w.
5, 31
Suppose 34*m - 93837 = 3*m. List the prime factors of m.
3, 1009
Let c = 702 + -492. Suppose i + 434 = -4*h + 6*i, 2*h + i = -c. Let a = h + 188. List the prime factors of a.
2, 41
Let j(r) = 2204*r**2 - r - 3. Let i be j(-1). Let t = i + 